 - 2 - 6)*(-13 - -2). Calculate the remainder when 43 is divided by (z/4)/((1 - -2)/6).
10
Let r = 2084 + -1738. Calculate the remainder when r is divided by 6.
4
Let t = -8841 - -8859. Let s = -24 - -76. Calculate the remainder when s is divided by t.
16
Suppose 0*w = -13*w + 2119. Calculate the remainder when w is divided by (5 - (-26)/(-4))*-22.
31
Let x(i) = i + 1. Let k(j) = 8*j + 40. Let s(o) = k(o) - 5*x(o). Let f = -124 - -177. What is the remainder when f is divided by s(-9)?
5
Calculate the remainder when 556 is divided by 257226/(-2991)*(-1 + (-1)/2 + 1).
40
What is the remainder when -8076*((-840)/45 - -18) is divided by 55?
49
Let d = -13137 + 13162. What is the remainder when 2366 is divided by d?
16
Let j = -468 - -585. What is the remainder when (7 + j)*(2 - 2 - -1) is divided by 34?
22
Calculate the remainder when 285 is divided by -166*(-3)/2*35/105.
36
Let w be (-2 + 1 - -1) + -46. Let t = w + 70. Suppose 47*y - 45*y = -3*o + 45, -5*y = 5*o - 105. Calculate the remainder when t is divided by y.
6
Let f = 73 + -68. Suppose 0 = p + f*p - 30. Suppose -4*s = -p*r - 20, s - 32 = -3*s + 2*r. What is the remainder when 35 is divided by s?
5
Suppose 2*a = -3*a + 25, 0 = 2*g - 5*a + 5. Let h be -4*(-5)/g*44. Suppose 4*k - 296 - h = 0. What is the remainder when k is divided by 25?
21
Let j be (-2)/(2 + (-54)/26). Suppose 3*g - u - j = 0, -3*g = -0*g + 4*u - 46. Let o = 501227 - 501209. What is the remainder when o is divided by g?
8
Let p(n) = 23 + 7 + 9*n**2 + 22*n - 27. What is the remainder when p(-5) is divided by 24?
22
Suppose 4*v - 22 = -4*r + 10, -5*r = -2*v + 2. Calculate the remainder when 179 is divided by (-8124)/(-180) + v/(-45).
44
Suppose -4*x - 27 = -3*d, 2*d - 4*x - 20 = -2*x. Suppose f + 3*j - 52 = 0, 2*f + 3*j - 64 = 5*j. What is the remainder when f*((-2)/2 - -2) is divided by d?
11
Suppose 4*f - m = 112, 81*f + 2*m + 14 = 82*f. Calculate the remainder when 846 is divided by f.
6
Suppose 237*l = 238*l + 5. What is the remainder when 19 is divided by l/(105/(-93)) - (-9)/(-21)?
3
Let s be (-4)/(-10) - 6/15. Suppose -2*r - 5*y + 39 = 0, -510*y = r - 508*y - 16. Calculate the remainder when ((-9)/(9/(-38)))/(r - s) is divided by 5.
4
Let h be (-5)/(-2) + 2/4. Let o be 4/(-26) + (7380/130)/18. What is the remainder when 55 is divided by (h + -1 - o)*28/(-2)?
13
Suppose 0 = 3*x + 3 + 6. Let b be (120/16 - 7)*(-17 - -25). Calculate the remainder when 127 is divided by x - (-12 - 2*(-2 + b)).
10
Suppose 0 = 5*g - 239 - 746. Let a(z) = 9*z - 1. Let f be a(-29). Let p = -222 - f. Calculate the remainder when g is divided by p.
37
Let q(o) = 11*o - 88. Let y be q(8). Suppose 4*k + 646 = 5*g, y = g - 2*k - 3*k - 125. Calculate the remainder when g is divided by 29.
14
Suppose -t + 175 = 3*d, 4*d + 5*t - 170 = 67. Let g = -9 - -11. Suppose 3*l - 49 = -g*p - 2*p, -65 = -5*p - 5*l. Calculate the remainder when d is divided by p.
8
Suppose -5*i - l = -76, 2*i - 5*l = 5*i - 28. Let k(z) = -z**3 + 15*z**2 + 16*z + 27. What is the remainder when 52 is divided by k(i)?
25
Let a(d) = 7*d**2 + 32*d - 138. What is the remainder when a(9) is divided by 45?
42
Let z(j) = -10*j - 7. Let i be z(-2). Suppose -i = 4*m - 33. Suppose m*b = 91 + 114. Calculate the remainder when b is divided by 22.
19
Let h = 8018 + -3242. Calculate the remainder when h is divided by 952.
16
What is the remainder when (3 + (-2271)/(-7))/((-440)/56 - -8) is divided by 85?
82
Suppose 204*i - 106743 = -95*i. Calculate the remainder when i is divided by 62.
47
Suppose 7*i - 219 = 4*i + 3*t, -2*i + 146 = -4*t. Suppose -5*p = 3*h - 76, -4*h - 4*p + 39 = -i. Calculate the remainder when h is divided by 11.
10
Suppose -14*u + 12*u = -34. Let y(l) = -l**2 + 19*l - 17. Let o = -71 + 101. Calculate the remainder when o is divided by y(u).
13
Suppose -z = -5*y + 10, 25*y - 23*y - 28 = -2*z. What is the remainder when 287 is divided by z?
7
Let p(a) be the third derivative of 37*a**5/30 - 5*a**4/24 + 2*a**3/3 - 2*a**2 + 3*a. Calculate the remainder when p(1) is divided by (-1)/(4/(-4)) - -18.
16
Suppose 0 = -4*y + 4*d + 432, 501*y + 548 = 506*y + 3*d. Calculate the remainder when 331 is divided by y.
4
Suppose 2*s - x - 179 = 0, 5*x = 19*s - 15*s - 331. Let u(z) = 3*z**2 + 2. Calculate the remainder when s is divided by u(-4).
44
Let n(u) = -16*u + 44 + 25 + 26*u - 41*u. What is the remainder when n(-5) is divided by 45?
44
What is the remainder when 1428 is divided by ((-1)/(4/(-18)) + 0)/((-125)/(-39250))?
15
What is the remainder when 2/(90/1041) + (-32)/240 is divided by -2 - 1 - (-10 - 10)?
6
Calculate the remainder when 83 is divided by (-96)/128*308/(-21).
6
Suppose 0*d + 4*d - 88 = 0. Let t(i) = 42*i**3 - 2*i**2 + 79*i - 76. Calculate the remainder when t(1) is divided by d.
21
Let o = 112 + -97. Let f = o - -23. What is the remainder when ((-374)/8 + 0)*-4 is divided by f?
35
Let w(g) = g**2 - 8*g + 2. Let d be w(8). Suppose 10 + 2 = d*r. What is the remainder when 25 is divided by (1 - (-9)/r)*4?
5
Let v be 43/9 - 2/(-9). Let m = 8093 + -8093. Suppose 3*k = 5*x + 92 - 11, m = -k - v*x + 7. Calculate the remainder when 64 is divided by k.
20
Calculate the remainder when (-8255)/(-21) + 13*56/(-7644) is divided by 35.
8
Let k(m) = -29 + 11*m**2 + m**3 + m - 14*m - 30 + 71. What is the remainder when k(-12) is divided by 13?
11
Suppose 20858*i - 819 = 20845*i. What is the remainder when i is divided by 5?
3
Calculate the remainder when 7 - (8/(-10) - -1 - 8204/20) is divided by 49.
25
Suppose 1557 = 51*f - 42*f. Let w = -153 + f. What is the remainder when 59 is divided by w?
19
Let q(i) = 144*i**2 - 576*i - 6. Calculate the remainder when q(5) is divided by 25.
14
Let s(g) = 2*g**3 + g**2 + 6. Let h(n) = n**3 + 3. Let v(l) = -9*h(l) + 4*s(l). Let u = 1096 + -1093. What is the remainder when 17 is divided by v(u)?
5
Let b(u) = 74*u + 1418. What is the remainder when 176 is divided by b(-19)?
8
Suppose 6218*n + 2756 = 6271*n. Suppose -600 = -4*q - 4*l, 3*q + 2*l - 423 - 28 = 0. Suppose -q = -5*p - 61. Calculate the remainder when n is divided by p.
16
Let k be 10/((-140)/(-63))*(-8)/(-18). Suppose 0 = -2*l - k*b - 3*b + 16, 3*l = -5*b + 19. Calculate the remainder when l is divided by (-4 - -1)/(5 - 6).
0
Let i(k) = k**2 + 4*k - 6. Let y be i(-6). Suppose x - 10 = -c, 0 = -x + y*x + 3*c - 44. Let u = 383 - 366. What is the remainder when u is divided by x?
3
Suppose 3*t - 109 = -m + 70, -t - 4*m + 56 = 0. Let b = 131 + t. Let q = b + -136. Calculate the remainder when q is divided by 19.
17
Let t = -1392 + 1988. Calculate the remainder when t is divided by 85.
1
Suppose -9*n = 2*p - 13*n - 1468, 3*p - 2229 = -3*n. Suppose 2*g + 5*q = 358, 0*q - 4*q = 4*g - p. Calculate the remainder when g is divided by 16.
13
Suppose 4*y + 2*n - 77 + 31 = 0, -y - n + 10 = 0. Suppose -3*d - 2*x + 100 = 0, -97 = 2*d - 2*x - 167. What is the remainder when d is divided by y?
8
Let s = 85 + -79. What is the remainder when 73 is divided by 3/(s/(-150)*-3)?
23
Suppose -z - n + 8 = 14, -2*n - 4 = 0. Let w(a) = 4*a**2 + 3*a + 28. Calculate the remainder when w(z) is divided by 28.
24
What is the remainder when 10 + (-50185)/(-35) - (3 - 66/21) is divided by 22?
14
Let j(f) = -23*f**3 - 15*f**2 - 2*f - 3. What is the remainder when j(-2) is divided by 18?
17
Calculate the remainder when ((-66018)/(-15))/(-9 + 405/25 + -7) is divided by 8.
6
Let q(m) be the second derivative of m**4/12 - m**3/2 - m**2 + 2*m. Let t be q(4). Calculate the remainder when 154 is divided by (-13)/(t*4/(-24)).
37
Suppose 34 = -2*r + 4*r. Let z = -609 - -603. What is the remainder when 50*(45/z + 8) is divided by r?
8
Suppose 45 = -f + 47. What is the remainder when (56/10 - f)/((-6)/(-260)) is divided by 32?
28
Suppose 0 = -8*x - 283 + 1659. Let f = -2766 + 2793. Calculate the remainder when x is divided by f.
10
Let g(m) = m**3 - 13*m**2 + 30*m - 76. Let r be g(11). Suppose 5*i + r - 192 = 0. Calculate the remainder when 110 is divided by i.
2
Suppose 2*l = l + 19. Let g(d) = 55 - 7*d - 19 + 68 - 31. Calculate the remainder when g(6) is divided by l.
12
What is the remainder when (153928/2201 - (-2)/31) + -14 is divided by (-1)/4 - 186/(-8)?
10
Let s(c) = 27*c - 2. Let b(k) = 11*k**2 + 14*k + 143. Let h be b(-